- 8. What is r(-6)?
-44
Let l(t) = -t**2 + 11*t + 17. What is l(11)?
17
Let l(w) = w**2 + w - 17. Calculate l(-9).
55
Let l(x) = x**2 + 14*x + 31. Determine l(-12).
7
Let s(f) = f**2 - 5*f + 3. Calculate s(4).
-1
Let v(d) = -d**3 + 19*d**2 - 15*d - 57. Give v(18).
-3
Let s(r) = -r**2 + 7*r - 11. Give s(7).
-11
Let f(h) = -h**3 - 9*h**2 + 7*h - 10. Determine f(-9).
-73
Let j(o) = -15*o + 108. What is j(7)?
3
Let v(i) = -i**2 + 8*i + 6. Determine v(13).
-59
Let v(c) = -c**2 - 4*c + 2. Give v(-3).
5
Let n(r) = -r**3 + 8*r**2 - 13*r + 4. Give n(6).
-2
Let z(j) = -j - 33. Determine z(10).
-43
Let h(o) = 3*o - 27. Calculate h(8).
-3
Let a(k) = 3*k**2 - 7*k - 3. Calculate a(2).
-5
Let v(f) = 2*f**2 + 1. What is v(2)?
9
Let x(w) = -w**2 + 44*w + 191. What is x(48)?
-1
Let h(u) = -28*u - 506. Determine h(-18).
-2
Let u(v) = v**2 - 19*v - 186. Determine u(26).
-4
Let r(m) = -2*m**2 - 25*m - 6. What is r(-12)?
6
Let a(j) = -j**2 + 5*j + 17. Give a(-7).
-67
Let h(f) = -7*f + 26. Determine h(6).
-16
Let a(y) = -42*y + 205. What is a(5)?
-5
Let o(c) = 2*c**2 + 25*c + 8. Determine o(-11).
-25
Let m(f) = -f**2 + 13*f + 14. Calculate m(14).
0
Let u(p) = -4*p**2 + 25*p + 15. Give u(7).
-6
Let n(l) = l**3 + 3*l**2 + 4*l - 1. Determine n(-2).
-5
Let t(g) = 3*g + 13. What is t(-8)?
-11
Let n(f) = -30*f + 78. What is n(5)?
-72
Let t(x) = -x**3 + 15*x**2 - 29*x + 23. What is t(13)?
-16
Let b(y) = 15*y - 111. Determine b(10).
39
Let n(s) = s**2 + 6*s + 9. Give n(-4).
1
Let l(h) = -2*h**3 - 9*h**2 + 11*h + 18. What is l(-5)?
-12
Let w(x) = x**2 - 13*x - 100. What is w(-6)?
14
Let w(a) = -a**3 + 5*a**2 + 5*a + 14. What is w(6)?
8
Let v(h) = -3*h. Determine v(-2).
6
Let i(g) = 4*g + 18. Determine i(-8).
-14
Let d(t) = -t + 9. Give d(-7).
16
Let s(l) = l**2 - 14*l - 81. Give s(-5).
14
Let b(u) = u + 5. Give b(12).
17
Let q(c) = -c**3 + 9*c**2 - 14*c - 1. What is q(7)?
-1
Let v(u) = u**3 - 3*u**2 - 7*u + 22. Give v(4).
10
Let c(n) = 5*n**2 + 1. Calculate c(-2).
21
Let f(k) = -32*k - 1. What is f(-2)?
63
Let d(w) = 9*w - 11. Determine d(8).
61
Let w(a) = -a**3 + 34*a**2 + 36*a - 38. Calculate w(35).
-3
Let o(h) = 13*h - 13. Determine o(6).
65
Let b(z) = -z**3 + 14*z**2 + 16*z - 21. Determine b(15).
-6
Let q(p) = -2*p**2 + 29*p. What is q(14)?
14
Let f(w) = -w - 3. What is f(-13)?
10
Let d(j) = -11*j - 28. Calculate d(-3).
5
Let b(c) = -6*c + 20. Calculate b(5).
-10
Let y(n) = n**2 - 90*n + 7. Give y(0).
7
Let r(d) = 12*d**3 - 2*d**2 + d. What is r(1)?
11
Let r(h) = -h**3 - 8*h**2 + 8*h - 16. Calculate r(-10).
104
Let i(h) = h**3 + 3*h**2 + 2*h + 7. Calculate i(-3).
1
Let k(c) = -c**2 + 9*c + 29. What is k(11)?
7
Let d(a) = 323*a + 642. What is d(-2)?
-4
Let m(z) = -z**2 - 7*z - 15. What is m(-5)?
-5
Let c(u) = -7*u**2 - 128*u - 32. Give c(-18).
4
Let j(g) = -g**3 - g**2 + 4*g. Determine j(-3).
6
Let m(u) = 34*u + 5. Determine m(-3).
-97
Let a(p) = -p**3 + p**2 + 13*p + 5. Calculate a(-3).
2
Let v(u) = -10*u - 1. Calculate v(4).
-41
Let z(f) = -f + 18. Give z(-13).
31
Let f(d) = -121*d**2 - d. Determine f(1).
-122
Let s(u) = u**3 - 11*u**2 + 16*u - 49. Calculate s(10).
11
Let m(x) = -3*x**3 - 37*x**2 - 12*x + 16. Calculate m(-12).
16
Let a(k) = -5*k + 12. Calculate a(4).
-8
Let z(s) = s - 28. What is z(9)?
-19
Let r(m) = -m**2 - 12*m - 2. Determine r(-12).
-2
Let t(m) = 5*m + 11. Calculate t(-7).
-24
Let o(b) = b + 1. Calculate o(6).
7
Let i(h) = -4*h**3 + 5*h**2 + 12*h + 4. Determine i(-1).
1
Let c(j) = j + 1. Determine c(-5).
-4
Let z(k) = k**3 + 4*k**2 - 8*k - 6. What is z(-5)?
9
Let q(b) = 3*b**2 - 130*b - 229. Give q(45).
-4
Let t(v) = -12*v - 24. What is t(12)?
-168
Let d(c) = -2*c - 7. Determine d(-10).
13
Let x(l) = 14*l + 141. What is x(-11)?
-13
Let r(y) = -34*y**3 - 1. Give r(1).
-35
Let d(j) = -4*j + 8. Calculate d(8).
-24
Let g(c) = c**2 - 6*c + 10. What is g(8)?
26
Let h(u) = -u**2 + 2*u - 4. Give h(-3).
-19
Let d(p) = -25*p + 1. What is d(1)?
-24
Let b(l) = -33*l**3 + l**2 + 2*l - 1. Give b(1).
-31
Let s(x) = -3*x**3 - 6*x**2 - 3*x + 1. Calculate s(-2).
7
Let j(y) = -y**3 - 11*y**2 - 7*y - 43. What is j(-7)?
-190
Let c(a) = a + 3. Determine c(0).
3
Let r(q) = -q**3 - 11*q**2 + 46*q + 53. What is r(-14)?
-3
Let d(b) = b**3 - 8*b**2 + 5*b + 1. Give d(7).
-13
Let v(m) = 2*m**3 - 14*m**2 - 2*m + 9. Determine v(7).
-5
Let q(j) = j**2 - 2*j - 5. Calculate q(-3).
10
Let d(x) = x**2 + x - 11. What is d(-5)?
9
Let z(u) = 56*u + 8. Give z(-1).
-48
Let q(b) = -b**3 - 12*b**2 - 23*b - 9. Calculate q(-10).
21
Let h(o) = -o**3 - 12*o**2 - 9*o - 10. Determine h(-11).
-32
Let q(k) = -9*k - 43. What is q(-10)?
47
Let h(j) = j**2 - 14*j - 1. What is h(9)?
-46
Let s(h) = 20*h + 243. Give s(-12).
3
Let i(a) = -13*a**3 + a**2 - 1. Give i(-1).
13
Let j(c) = -10*c - 36. Calculate j(-8).
44
Let y(o) = -o**2 + 39. Determine y(0).
39
Let l(z) = z**3 - 8*z**2 + 5*z + 6. Give l(7).
-8
Let c(t) = t**3 - t**2 + t - 39. Calculate c(0).
-39
Let y(l) = -l**2 + 12*l - 4. Calculate y(8).
28
Let u(y) = -y**3 + 13*y**2 - 11*y + 135. Calculate u(13).
-8
Let k(u) = u**3 - 40*u**2 - 25*u - 642. Determine k(41).
14
Let y(j) = j**2 - 16*j - 19. Determine y(17).
-2
Let t(n) = n**3 + 4*n**2 + 3*n - 1. What is t(-3)?
-1
Let a(x) = -4*x**3 - x**2 + x + 1. What is a(2)?
-33
Let y(u) = 90*u**3 - u**2 + 3*u - 1. Calculate y(1).
91
Let n(d) = -d**3 + 12*d**2 + 28*d + 7. Give n(14).
7
Let l(b) = -6*b - 21. Calculate l(12).
-93
Let b(u) = u**3 + u**2 - 2*u - 1. Determine b(-2).
-1
Let j(p) = p**3 - 6*p**2 + 9*p - 17. Calculate j(5).
3
Let l(g) = g**3 - 4*g**2 - 6*g - 2. Determine l(4).
-26
Let p(u) = -u**2 - 17*u + 4. Determine p(-18).
-14
Let a(r) = 7*r - 8. Give a(7).
41
Let f(q) = -q**2 - 7*q - 3. What is f(-8)?
-11
Let a(g) = g**3 + 18*g**2 - 37*g + 37. Give a(-20).
-23
Let p(s) = -s**3 - 15*s**2 + 22*s + 32. Calculate p(-16).
-64
Let y(o) = -o**2 + 13*o - 5. What is y(6)?
37
Let r(f) = 8*f + 95. What is r(0)?
95
Let w(y) = -y + 14. Determine w(8).
6
Let a(y) = -33*y - 86. Calculate a(-3).
13
Let q(w) = w**3 + 16*w**2 - w + 6. Determine q(-16).
22
Let l(d) = -d**3 - 10*d**2 + 169*d - 31. Determine l(-19).
7
Let a(m) = 14*m + 1. Give a(-1).
-13
Let i(s) = s**3 + 11*s**2. What is i(-11)?
0
Let m(k) = -2*k + 3. Calculate m(-6).
15
Let j(x) = x**2 - 5*x + 4. Calculate j(9).
40
Let v(g) = -g**3 + g**2 + g - 13. Give v(0).
-13
Let y(l) = l**3 - l - 28. Give y(0).
-28
Let j(u) = 3*u**2 - 9*u - 4. Determine j(7).
80
Let i(m) = -m**3 - 18*m**2 - 29*m + 19. What is i(-16)?
-29
Let z(y) = -3*y + 11. Calculate z(11).
-22
Let a(s) = -5*s**3 + 4*s**2 + 5*s + 1. What is a(-1)?
5
Let m(a) = -a**2 - 7*a + 9. Determine m(-7).
9
Let b(k) = k**3 - 17*k**2 - 16*k - 6. What is b(18)?
30
Let c(k) = k**3 - 16*k**2 - 2*k + 19. Give c(16).
-13
Let b(v) = -4*v**2 + v + 16. Calculate b(3).
-17
Let p(v) = v**3 + 8*v**2 - 8*v + 12. Determine p(-9).
3
Let n(d) = -13*d - 26. Calculate n(-3).
13
Let r(t) = -t**2 - 3*t + 9. Calculate r(-6).
-9
Let v(t) = t**2 - 4*t + 2. Give v(5).
7
Let m(c) = 8*c**3 - c**2 - 2*c. Give m(-1).
-7
Let a(k) = 2*k**2 - 15*k + 9. What is a(7)?
2
Let x(i) = -i - 8. Give x(12).
-20
Let h(x) = -3*x - 4. Give h(-3).
5
Let j(n) = -2*n**3 - n**2 + 2*n. Determine j(1).
-1
Let x(z) = -z**3 + 17*z**2 + 4*z - 16. Calculate x(17).
52
Let x(b) = -b**3 + 5*b**2 - 4*b + 1. Calculate x(3).
7
Let b(v) = -v**3 - 17*v**2 - 26*v + 63. Determine b(-15).
3
Let h(y) = -2*y**3 - 21*y**2 - 11*y + 5. What is h(-10)?
15
Let n(k) = k**3 + 3*k**2 - 4*k + 3. What is n(-4)?
3
Let b(p) = -2*p**2 - 58*p + 53. Calculate b(-30).
-7
Let g(i) = -i**2 + 3*i - 3. Calculate g(4).
-7
Let k(d) = d**2 + 53*d + 486. Give k(-12).
-6
Let t(v) = -46*v - 1. Calculate t(-1).
45
Let p(i) = -i**3 + 4*i**2 + 12*i + 8. Determine p(6).
8
Let g(a) = -a**3 - 8*a**2 + 19*a - 16. What is g(-10)?
-6
Let y(j) = j**3 + 5*j**2 + 3*j - 2. What is y(-5)?
-17
Let u(g) = -9*g + 2. What is u(1)?
-7
Let h(z) = -3*z - 12. Give h(-12).
24
Let o(z) = z**3 + 37*z**2 + 34*z - 73. What is o(-36)?
-1
Let w(v) = v**3 - 6*v**2 + 3*v - 8. What is w(6)?
10
Let y(a) = -9*a**3 + a**2 + a + 3. Determine y(2).
-63
Let p(g) = g**3 - 17*g**2 - 4*g + 37. Determine p(17).
-31
Let c(j) = -j**3 - 12*j**2 + 12*j - 12. Calculate c(-13).
1
Let l(r) = r**3 - 8*r**2 + 20*r - 2. Determine l(6).
46
